*k + 2. Let z be o(j). Suppose z = 5*u + n, -u + n + 18 = -3. What are the prime factors of u?
2, 3
Suppose -40*z + 36*z = 0. Suppose 0*s - 5*s + 1600 = z. List the prime factors of s.
2, 5
Let t = -64813 - -100998. List the prime factors of t.
5, 7237
Suppose 4*h = x + 85, -3*h - 7*x + 78 = -3*x. Suppose h*w - 2*w - 3800 = 0. What are the prime factors of w?
2, 5, 19
Let v(d) = 7*d - 3. Let p be v(1). Suppose 3*k + 1993 = p*a, 21*k - 16*k - 1029 = -2*a. List the prime factors of a.
2, 251
Let p = 8568 + -6991. What are the prime factors of p?
19, 83
Let l(q) = -q**3 + 87*q**2 - 175*q + 429. Let n be l(85). Suppose -g - g = 0. Suppose 5*u + 20 = g, j - n*u = -j + 56. What are the prime factors of j?
2, 5
Let z = -8261 + 5771. Let s = 4247 + z. What are the prime factors of s?
7, 251
Suppose 356*l = 310*l + 131606. What are the prime factors of l?
2861
Suppose -134*g + 384*g - 3242750 = 0. List the prime factors of g.
7, 17, 109
Suppose -3*o = 593 - 182. Let g = o + 710. List the prime factors of g.
3, 191
Suppose -277*w + 473196 = -265*w. Suppose -25*g + 72*g = w. List the prime factors of g.
839
List the prime factors of 7883/2 + -1 + 285/570.
7, 563
Suppose 0 = -3*t - 2*g + g + 12, 5*g = 3*t - 30. Suppose 1672 = 4*d - 4*f, -t*d + 67*f - 68*f = -2102. What are the prime factors of d?
2, 3, 5, 7
Suppose -5*h - 3*m = -278579, 5*h - 278547 = 393*m - 392*m. List the prime factors of h.
55711
Let x(s) = 875*s**2 + 376*s - 3320. What are the prime factors of x(9)?
11, 6449
Let t be (-5412)/(-28) + (-10)/35. Let c = 175 + t. List the prime factors of c.
2, 23
Let b = -13237 + 27970. List the prime factors of b.
3, 1637
Suppose 4*t - 41 = -3*z - 0*z, t - 2 = 0. Suppose -10*d - z*d = -714. List the prime factors of d.
2, 17
Let x(j) = 118*j**2 - 30*j - 8. What are the prime factors of x(-17)?
2, 41, 211
Suppose 909 = -16*v - 883. Let p = v - -181. List the prime factors of p.
3, 23
Let c = 663 + -659. Suppose 16*x - 12912 = c*x. What are the prime factors of x?
2, 269
Suppose 22*j - 29645 - 29579 = 0. What are the prime factors of j?
2, 673
Let m = -15 + 17. Suppose -3*i + 2 = x - 0*x, 0 = 3*x + m*i - 6. List the prime factors of 4 + x + (139 - 3).
2, 71
Suppose -14 = -5*h + 11. Suppose -28 = 4*d - 0*d - q, -h*q + 14 = -2*d. Let m = d - -56. List the prime factors of m.
7
Let w(n) = -n**3 - 4*n**2 + 78*n + 3. Let c be w(7). Suppose -c*o + 8091 = 19*o. What are the prime factors of o?
3, 31
List the prime factors of 67512 - ((45/40)/((-3)/(-24)) - 16).
251, 269
Let w(b) = 2*b**2 + 16*b - 130. Suppose -27*t = -21*t + 132. List the prime factors of w(t).
2, 3
Let a(b) = 40*b + 4529. What are the prime factors of a(92)?
8209
Let f be (8046/(-81))/(1/(-3)) + -3. Suppose 3*d - f = 2*d. List the prime factors of d.
5, 59
Let h be (-3152)/(-2)*6/12. Let b = h - 59. List the prime factors of b.
3
Let x = -1325 + 3157. Let a = x + -1140. What are the prime factors of a?
2, 173
Let d(u) = -u**3 + 8*u**2 + 4*u + 3. Let p = 2 - -7. Let y be d(p). Let h = y - -76. What are the prime factors of h?
2, 17
Let h = 106195 - 48451. List the prime factors of h.
2, 3, 401
Suppose -7*y = -5*y - 8. Suppose -169 = -4*m + 5*n + 61, -4*m = y*n - 248. Let t = m - -17. List the prime factors of t.
7, 11
Let b(x) = x**2 - 18*x**2 + 81*x**3 - 12*x - 11 - 82*x**3. Let i be b(-16). Let l = 4 - i. What are the prime factors of l?
79
Suppose -2*f - 13 = 1. Let h(m) = -17 + 5*m**2 + 9*m**2 + 2*m - 13*m + 3*m**2 - 15*m**2. What are the prime factors of h(f)?
2, 79
Let c(w) = 100*w - 70. Let m be c(-5). Let h = 815 + m. What are the prime factors of h?
5, 7
Suppose -7*a - 4*a = 66. Let g be -2 + (-4)/a - (-3248)/24. Let v = 70 + g. List the prime factors of v.
2, 3, 17
Let x = 34 - 30. Let u be -5 - (-39)/9 - (-161)/3. Suppose -u - 167 = -x*l. List the prime factors of l.
5, 11
Suppose -3*w = -2*k + 9235, -2*k = 5*w - 10*w - 9233. What are the prime factors of k?
31, 149
List the prime factors of 26/91 + 86852/14.
2, 3, 11, 47
Suppose 2*a + 2*d - 2 = -12, 0 = -3*a + d + 5. Suppose -c + 36 + 13 = a. Let u = 89 - c. List the prime factors of u.
2, 5
Suppose 26716 - 3791 = 7*g. Suppose v + g = 4*k, 5*v - 7*v = -10. List the prime factors of k.
2, 5, 41
What are the prime factors of 3 + (-34 - -121 - (1 - -1 - 0))?
2, 11
Let z be 11/(-22) + (3/2 - -2). Let i(c) = -c**3 - c**2 - c. Let p be i(0). Suppose z*a - 264 - 312 = p. List the prime factors of a.
2, 3
Let z(n) = 3*n**2 + 39*n + 5513. List the prime factors of z(0).
37, 149
Suppose -17*q - 28792 + 118994 = 0. What are the prime factors of q?
2, 7, 379
Let u be 1 - (-2 + 0) - -2. Suppose u*d - d + 5*i = 1693, -9 = 3*i. List the prime factors of d.
7, 61
Let i = 19 - 8. Suppose -3*a + 34 = 5*z, 0 = 3*z + 2*a - 10 - i. Suppose z*v + 2*v = 651. What are the prime factors of v?
3, 31
Let p be 15/(-15) + (-1)/(-1). Suppose -2*k - 67 = -3*u + 207, 3*u + 5*k - 260 = p. Suppose -4*h + u = -h. What are the prime factors of h?
2, 3, 5
Let o(h) = 7748*h**2 + 162*h - 326. What are the prime factors of o(2)?
2, 3, 5, 1033
Let w(u) = 6126*u + 11020. List the prime factors of w(12).
2, 7, 3019
Let s(m) = -5*m**2 + 580*m + 149. What are the prime factors of s(108)?
41, 109
Let z(i) = 43*i**2 - 16*i - 80. List the prime factors of z(8).
2, 3, 53
Suppose -3*g = -3*o + 1200, 0*o - 1201 = -3*o + 2*g. Let d = 568 - o. List the prime factors of d.
167
Suppose 0 = -5*w + 13*w. Suppose 5*z = 3*s - 199, 3*z + w = -6. List the prime factors of s.
3, 7
Let l = -37 + 115. Suppose -16 = -0*i - 8*i. Suppose l = i*s - 4*f, -3*f = -f - 8. List the prime factors of s.
47
Suppose 0 = -49*v + 51*v + 68. Let l = -6 - v. List the prime factors of (l/8 + -3)/((-3)/(-498)).
83
Let q = 16813 - -20907. List the prime factors of q.
2, 5, 23, 41
Let t(q) = q**3 - 2*q**2 - 5*q + 3. Let n be t(-3). Let m(u) = -u**3 - 27*u**2 - 12*u - 15. What are the prime factors of m(n)?
3, 103
Suppose 0 = 5*k - 6*k + 43. Let c = 57 - k. Suppose -c*z = -10*z - 268. What are the prime factors of z?
67
Suppose -4*i + 5*n = -173531, -788*n = -i - 789*n + 43385. What are the prime factors of i?
2, 11, 17, 29
Suppose 13*l - 2091 = 10*l. Suppose 3*p = 5*t - 2127, -1257 = -3*t - p - 2*p. Let n = l - t. What are the prime factors of n?
2, 137
Let g(r) = -r**3 - 3*r**2 + 2*r - 4. Suppose 152 - 136 = -2*j. What are the prime factors of g(j)?
2, 3, 5
What are the prime factors of ((-3)/(-2))/((2/(-1506))/((-1380)/135))?
2, 23, 251
Let c be (-7)/2 - (-36)/(-24). What are the prime factors of ((-14)/c)/((-6)/(-358 + -2))?
2, 3, 7
Let u(j) = 841*j**2 + 331*j + 19. List the prime factors of u(4).
3, 4933
Suppose 2*v - 3*w = 109, -24*w + 156 = 3*v - 21*w. Suppose -v*s + 3*z = -58*s + 4321, 5*s = -2*z + 4324. What are the prime factors of s?
2, 433
Suppose -t - 2*q = -30, -t + 1 = 3*q - 34. Suppose t*d - 5*d - 45 = 0. What are the prime factors of d?
3
Suppose 3 = -4*m + 3*m, 3*b - 6 = -3*m. Suppose 550 = -b*l + 140. Let z = 132 + l. What are the prime factors of z?
2, 5
Suppose -168*i + 40*i + 4269120 = 32*i. What are the prime factors of i?
2, 3, 4447
Suppose -19 = -3*w + 2*a, -5*w - 5*a = -9*a - 33. List the prime factors of -2*w/(-30) - (-18272)/12.
1523
Suppose 2*k + 1445 = 7213. List the prime factors of ((-15)/12 + k/(-16))*-2.
3, 11
List the prime factors of 36501/5 - (-8)/10.
7, 149
Let g be ((-1620)/35)/(2/(-7)). Suppose q = -0*q + 2*i + g, 0 = 4*q - 3*i - 623. List the prime factors of q.
2, 19
Let i(s) = -s**2 + 23*s - 68. Let b be i(19). What are the prime factors of (-2)/24*-3452 - b/(-6)?
17
Suppose 4*t = 9*t + 4*y - 8, 5*t = -5*y + 5. Suppose -3*v + 766 = -t*z + 6*z, 0 = 3*v + 6. List the prime factors of z.
2, 193
Suppose y + 12862 = 2*t - 4485, -4*y = -3*t + 26008. What are the prime factors of t?
2, 3, 241
Let f be (60/(-8 - -6))/1. List the prime factors of 119/(-3 + (-96)/f).
5, 7, 17
Let k(j) = -4*j - 106. Let d be k(-25). What are the prime factors of (-5 - d)*-55*-3?
3, 5, 11
Let r(o) = -o - 14. Suppose 2*p + g + 10 - 3 = 0, -p - 2*g = -4. Let z be r(p). List the prime factors of (-225)/(-4) - (-2)/z.
2, 7
Suppose -c + 40*z - 38*z + 30764 = 0, 4*c + z - 123101 = 0. List the prime factors of c.
2, 3, 23, 223
Suppose o - 2693 = 4*l - 2*o, o + 1 = 0. Let n = l + 1142. What are the prime f